 + 3*p - l. What is the tens digit of p?
1
Let f = 75 + -45. Suppose -3*c - 76 + 16 = 0. Let i = f + c. What is the units digit of i?
0
Suppose l + 2*l - 32 = -4*q, l = -4*q + 24. Suppose l*s - 4 + 0 = 0. What is the units digit of s?
1
Let c(i) = -5*i - 1. Let j be (6/4)/((-6)/(-16)). Suppose -10 = j*m + 2. What is the units digit of c(m)?
4
Let h be 2/(-11) + (-4)/(-22). Suppose 0 = -t - 3, -r + h*r - t + 16 = 0. Suppose 0 = n + 5*y - r, -y = 5*n + 2*y - 29. What is the units digit of n?
4
Let a = 32 + 142. What is the tens digit of a?
7
Suppose -i = -4*k + k - 90, 4*i - 5*k - 325 = 0. What is the units digit of i?
5
What is the units digit of (-3)/6*(-1 + -1) - -206?
7
Let y = -403 + 566. What is the units digit of y?
3
Let l = 33 - 53. What is the units digit of l/25*1*-10?
8
Suppose 4*p = 3*p. Suppose -3*x - u + 19 = p, 3*x - 2*u = -x + 22. What is the units digit of x?
6
Let v be (-2)/3 + 1014/9. Suppose 4*n - v = 4. What is the tens digit of n?
2
Let h(k) = -k**3 + k**2 + 5. Let r be h(0). Suppose -v = -2*v + 4*n - 17, r*n = 4*v + 13. What is the units digit of v?
3
Let z(c) = c**3 + 10*c**2 + 2*c - 7. What is the units digit of z(-9)?
6
Suppose 7*i = 183 + 34. What is the units digit of i?
1
Suppose -82 = -4*p + 246. What is the tens digit of p?
8
Let p = -1 - -5. Let s = p - 6. Let w = s + 9. What is the units digit of w?
7
What is the units digit of (44 - -1)*(2 + -1)?
5
Let p = 19 - 5. Let a be (-6)/(-21) + 164/p. What is the units digit of ((-26)/(-8))/(3/a)?
3
Let k = 5 - 2. Let f be (-22)/4 + k/6. What is the units digit of (-9)/f*(3 + 2)?
9
Suppose r - 3*k - 2 - 7 = 0, -2*r = -3*k - 9. Suppose -47 + r = -q. Suppose 5*v + 3*u - q = 0, 12 - 53 = -4*v + u. What is the units digit of v?
0
Let x(z) = 2*z + 1. Let c be x(3). Let k be c - 2/(3 - 1). Let q = k + 2. What is the units digit of q?
8
Suppose -119 = 4*a - 327. What is the units digit of a?
2
Suppose -j + 245 = -o + 5*o, 251 = 4*o - j. What is the units digit of o?
2
Let i(p) = p + 1. Let g be 2*-1 - (-2 - 0). Let j be i(g). Suppose -4*f - j = -7*y + 2*y, -5*y + 49 = 4*f. What is the units digit of f?
6
Let v(r) = -25*r + 22. What is the tens digit of v(-11)?
9
Suppose 0*i + 1800 = 12*i. What is the hundreds digit of i?
1
Let g = 397 - 276. What is the units digit of g?
1
Let v = -6 + 5. What is the units digit of (0 - 2)*3/v?
6
Let a = 8 + -5. Suppose t = 4, 6*w - t - 23 = a*w. Suppose -w = -c - 0*c. What is the units digit of c?
9
Let l = 109 + -50. What is the units digit of l?
9
Let h(p) = -4*p - 7. Suppose 2*g - 92 = 2*t, -2*g - g + 2*t = -133. Suppose 5*z + g = 6. What is the units digit of h(z)?
1
Let q be 35/11 - 10/55. Suppose q*l + 6*c - 12 = 2*c, -4*l + 2*c + 16 = 0. What is the units digit of l?
4
Let i(t) = 41*t - 1. Let d(u) = 40*u - 1. Let c(p) = 4*d(p) - 3*i(p). What is the units digit of c(1)?
6
Suppose -4*p - 260 = -9*p. What is the units digit of p?
2
What is the units digit of ((-9)/(-18))/((-1)/(-2))?
1
Let t(p) = 0*p**2 - 9 + 8*p + p**2 + 13. What is the units digit of t(-8)?
4
Let o be (4/8 + -1)*0. Suppose 3*z = q - 5 - 34, o = -4*q - z + 117. What is the units digit of q?
0
Let y be 5 - 3 - (-7 - 1). Let g(r) = -r**3 + 10*r**2 + 3*r - 14. What is the tens digit of g(y)?
1
Let h be 3/(-1) + 4/2. Let p(m) = -3*m. What is the units digit of p(h)?
3
Suppose -2*s + 4 = -14. Suppose s = -4*b + 145. What is the tens digit of b?
3
Let x(w) = 19*w + 19. What is the units digit of x(4)?
5
Suppose -2*u + 4 = 0, -2*m + 2 = -3*u - 2. Let l(a) = a**2 + 4*a**2 - 3*a**2 - 3 + 4*a**2 - m*a - a**3. What is the units digit of l(4)?
9
Let k = 4 + -1. Let w(j) = k - 4 - 2*j + j + 5*j. What is the tens digit of w(4)?
1
Let h(u) = u - 3. Let l be h(2). Let m = 5 - l. What is the units digit of m?
6
Let h = -3 - -1. What is the units digit of 5/((-5)/h)*5?
0
Suppose 3*j - 2*a = -26, -5*j - 37 = a + 2*a. Let z = j + 23. What is the tens digit of z?
1
Let p(v) = v - 4. Let t be p(8). Suppose -38 = -5*h + 4*q - q, 25 = 3*h - t*q. What is the units digit of h?
7
Let k = 9 - 16. Let z(g) = g**3 + 8*g**2 + 7*g + 4. Let a be z(k). What is the units digit of ((-6)/(-12))/(2/a)?
1
Suppose 3*d = 5*d. Let k(f) be the second derivative of f**5/20 - f**4/12 - f**3/6 + 9*f**2/2 + 9*f. What is the units digit of k(d)?
9
Suppose f + 2*l = 2, -3*l + l = -4*f + 18. Let w(o) = -o**2 + 6*o - 1. Let k be w(f). What is the units digit of (29 - k)/(1 - -1)?
1
Let r = 22 - 1. What is the units digit of r?
1
What is the units digit of (-1)/(6/3 - 3)?
1
Suppose -2*z = -17 - 21. What is the units digit of z?
9
Let s = -96 + 180. What is the units digit of s?
4
Let t(s) = s**3 - 4*s**2 - s + 4. Let q be t(4). Let f be ((-66)/(-4))/(6/16). Suppose 0 = -q*i - 4*i + f. What is the units digit of i?
1
Let g(b) = 8*b**2 - 9*b - 7. What is the hundreds digit of g(-6)?
3
Suppose -40 = -b + 1. Let u = b + -23. What is the tens digit of u?
1
Suppose 2*i = i + 169. What is the units digit of i?
9
Let i(t) = -t**2 - 12*t - 5. What is the units digit of i(-11)?
6
Let v(g) = 126*g - 1. Let r be v(1). Suppose -4*a - 5*o - 30 = -r, 0 = 3*a - 3*o - 51. What is the tens digit of a?
2
Let t(j) = j**3 + 6*j**2 - 2*j. Let r be t(-6). Suppose -3*y = 3*k - r, -3*k = -2*y - 0*y + 3. What is the units digit of k?
1
Let n(r) = r - 6. Let a be n(11). Suppose a*d - 24 = c + 48, 0 = 5*c + 10. What is the units digit of d?
4
Let y(w) = w**3 - 6*w**2 + 2. Let n be y(6). Let o(b) = b**3 + 6*b**n - 8*b - 4 + 4 + 1 + 4. What is the tens digit of o(-7)?
1
Let f be (-39)/5 + (-3)/15. Let n = f - -7. What is the tens digit of -5 + 7 + (-13)/n?
1
Let c(o) = o**2 - 7*o + 9. Let w be c(7). Suppose -5*z + w = 2*h, 4 = -2*z - 2. What is the tens digit of h?
1
Let d = 1208 + -212. What is the tens digit of d/42 - (-4)/14?
2
Suppose 4*l - 3*l - 227 = 0. What is the hundreds digit of l?
2
Let s = -7 - -8. Let i(u) = 31*u. What is the tens digit of i(s)?
3
Let o(t) = t**3 + t**2 + t + 8. Let w be o(0). Let s(n) = 11 + n + 6 - 13 + 5. What is the units digit of s(w)?
7
Let b(r) = r**3 + 6*r**2 + 5*r + 1. Let w be b(-5). Let x = -4 + w. What is the units digit of (x/2)/(-3)*10?
5
Suppose z + 5*i - 2*i = -9, 2*z + 17 = -5*i. Let n = -1 - z. Suppose 40 = 5*l - 5*u, 0 = -l - n*u - 4 - 18. What is the units digit of l?
3
Suppose p + 3*y + 14 = 2*y, 2 = 2*y. What is the units digit of (-54)/p - 2/(-5)?
4
Let d = 275 + -128. What is the tens digit of d?
4
Let t = -31 - -72. What is the tens digit of t?
4
What is the tens digit of (-16)/28 + (-417)/(-7)?
5
Suppose 12*k - 11*k - 65 = 0. What is the tens digit of k?
6
Suppose -3*x + 10 = -5*x, 5*f - 3*x = -375. Let s be f/8 + 1/(-4). Let w = s - -19. What is the units digit of w?
9
Suppose 6*g = 9*g - 930. What is the hundreds digit of g?
3
Suppose 5*k + 2*c = -29, 3*k - 4*c + 2*c + 11 = 0. Let w be (1/3)/(k/(-75)). Suppose w*l - x = 19, l + 0*l = 3*x + 1. What is the units digit of l?
4
Let q be 2 + 31 - (-1 + -1). What is the units digit of 24/10 - 14/q?
2
Suppose 0 = 8*m - 0*m - 544. What is the units digit of m?
8
Let v = -2 + 4. Suppose v*b - 21 = -3*g, 4*g - b = -3*b + 30. What is the units digit of g?
9
Let g(n) = n**2 + n**2 + 5*n + 6 - n**2. Suppose -2*t + 2*c = 18, 4*t - c + 12 = -9. What is the units digit of g(t)?
2
Suppose -n + 6 = -0*h + 4*h, h - n - 4 = 0. Suppose -f + 1 = -h. Suppose -f*j - j = -28. What is the units digit of j?
7
Let m(s) = s**2 - 6*s + 0 - 5 + 7. What is the units digit of m(6)?
2
Let r = 254 - 155. What is the tens digit of r?
9
Suppose 3*o + 0*o = 2*s - 579, 0 = -4*o + 12. What is the hundreds digit of s?
2
Let x be (20/(-15))/(3/(-18)). Suppose -12*o + 184 = -x*o. What is the tens digit of o?
4
Let g be 1/2 - (-15)/10. Suppose -20 = -3*i - g*i. What is the units digit of i?
4
Let s = 16 + -14. Suppose -2*o = 5*h - 5*o - 85, 5*h - 85 = -s*o. What is the tens digit of h?
1
Suppose -4 = 3*y - 13. Suppose -3*o = -o + y*a - 58, 0 = -3*o + 5*a + 87. Let c = -15 + o. What is the tens digit of c?
1
Let x be (-1)/(-2) + (-30)/(-12). Let f(l) = -l**3 + 4*l**2 - 2. What is the units digit of f(x)?
7
What is the units digit of (-1 - 13/(-11)) + (-3908)/(-44)?
9
Suppose -3*c + 45 = -3*u, 95 = 5*c + 5*u - 0*u. What is the tens digit of c?
1
Let o(i) = i**2 - 3*i + 20. Let y be o